- -8) + l/(-3)?
8
Suppose 0 = -5*p + 20. What is the units digit of p?
4
Suppose -t = -v - 9 - 1, -4*t + 2*v = -34. Suppose 4 = 2*n - n. Suppose -n*l + 3*l + 3*o = -5, -2*o - t = -l. What is the tens digit of l?
1
Suppose c = 2*u + 142 + 7, -289 = 4*u + c. Let o = -37 - u. Suppose -b + 4*b - o = 0. What is the tens digit of b?
1
Let t be (-1047)/(-27) + (-8)/(-36). Suppose 3*y = 15 + t. What is the tens digit of y?
1
Suppose 3*d - d = 0. Suppose -f + 5*f - 12 = d. Suppose 2*l - 5*m + 8 = -13, 0 = f*l + 5*m - 31. What is the units digit of l?
2
Suppose 0 = 4*m + m - 155. Let r = m - 18. What is the tens digit of r?
1
Let h(n) = -n**3 + 11*n**2 - 9*n + 11. What is the tens digit of h(9)?
9
Let x(k) = k**3 - 8*k**2 - 12*k - 7. What is the units digit of x(10)?
3
Let c = 10 + -7. Let z = c + -11. Let a = 9 + z. What is the units digit of a?
1
Let h = 12 - -3. What is the units digit of h?
5
Let h = -5 - -12. Suppose h*r - 10*r + 39 = 0. What is the tens digit of r?
1
Suppose 7 = -3*o - 5. Let a = 14 + o. What is the tens digit of a?
1
Let n(l) = l + 3. Let z be n(-5). Let j be z/(-6)*(-159)/(-1). Suppose -f + 2*k + 16 = 0, -2 - j = -5*f + 5*k. What is the units digit of f?
6
Let s be (-1 + -1)/(4/20). Let g(t) = t**3 + 9*t**2 - 12*t - 7. What is the units digit of g(s)?
3
What is the units digit of (-1)/1 + 4 + -2?
1
Suppose 7*s + 12 = 11*s. What is the units digit of s?
3
Let r be 4/(-2) - 0 - 0. Let u = r + 14. What is the tens digit of u?
1
Suppose -3*v - 6 = -3*w, v - 2*v + 4 = 0. Let p(u) = u**3 + 2*u**2 + 4 - 4*u**2 + 2*u + w*u**2. What is the units digit of p(-3)?
7
Suppose -33*g + 924 = -29*g. What is the tens digit of g?
3
Suppose -2*p + 0 - 12 = 0. Let z be (p/3 - -2) + -10. Let y = 18 + z. What is the units digit of y?
8
Let g(r) be the first derivative of -r**3/3 + 13*r**2/2 + 7*r - 6. What is the units digit of g(12)?
9
Suppose -m - 12 = -3*y - 2, -5*y + 5*m + 20 = 0. Let p = 7 - y. What is the units digit of p?
4
Let u = 0 - -35. Let i = 15 + -8. Suppose -4*x + u = i. What is the units digit of x?
7
Let o(m) = m**3 + 2*m**2 - 3*m. Let t be o(-3). Suppose 3*s - 10 - 5 = t. What is the units digit of s?
5
Suppose z - 13 = -4*i - 32, i = -5. Suppose 5 = 3*y - z. Suppose 0 = -y*t - 0*t + 34. What is the units digit of t?
7
Suppose o - 22 = -5*r, r = 4*r - 4*o - 27. What is the units digit of 43/r - (-6)/(-10)?
8
Suppose -6 = c - 3*c. Let q be 0/c*3/(-6). Suppose 4*s = -q*t + 2*t - 24, 5*t + 15 = -5*s. What is the units digit of t?
2
Suppose -4*t - 3*z + 8*z + 845 = 0, -3*z - 206 = -t. What is the hundreds digit of t?
2
Suppose 0 = 4*c - 375 + 71. What is the units digit of (-1)/(-2 + 148/c)?
9
What is the hundreds digit of 6552/21 - (-5)/(-1)?
3
Let j = 19 + 10. What is the tens digit of j?
2
Let m(w) be the second derivative of 3*w**3/2 + 5*w**2/2 - 10*w. What is the units digit of m(5)?
0
Let a(c) be the first derivative of c**4/4 + 5*c**3 + 13*c**2/2 - 7*c + 3. What is the units digit of a(-14)?
7
Let z(q) = 10*q. Let h(x) = -x**3 - 2*x**2 - 2*x - 5*x**2 - 3*x + 7. Let n be h(-6). What is the tens digit of z(n)?
1
Let j be 4/(1/(6 + 2)). Suppose 0 = 4*i + 4*k - j, -i + 5*i - 59 = 5*k. What is the tens digit of i?
1
Let g(x) = x**3 - 6*x**2 + x + 1. Let v be g(6). Let j = v + -2. Let p(z) = -z**3 + 6*z**2 - 3*z - 4. What is the units digit of p(j)?
6
Suppose 2*d = d + 5*l + 15, l - 30 = -2*d. What is the tens digit of d?
1
Let b = 7 - -4. What is the units digit of b?
1
Suppose -5*j = -2*j. Suppose -5*k = -4*o - 191, -5*k + j*k - 4*o = -159. What is the tens digit of k?
3
Let f be 1/(-3 - (-39)/12). Suppose -f*t + 11 = -53. What is the units digit of t?
6
Suppose 5*q + 48 = 133. Let k = q + -9. What is the units digit of k?
8
Let u(p) = p**3 - 7*p**2 + 7*p - 6. Let r be u(6). Suppose r*k - 40 = -4*k. What is the units digit of k?
0
Let x = 161 + -108. What is the units digit of x?
3
Let q be 3/9*(27 - 0). Let j = q - -1. What is the units digit of j?
0
Suppose -4*k - 5*s - 4 = -74, -64 = -4*k - 2*s. Suppose -c = -0*c - 2, -3*c = v - k. What is the units digit of v?
9
Let k(l) be the third derivative of -l**6/120 - 7*l**5/60 - 7*l**4/24 - 2*l**3/3 + l**2. What is the units digit of k(-6)?
2
Let l(i) = -i**2 - 10*i + 14. What is the units digit of l(-9)?
3
Let x be ((-2)/2)/(-3)*9. Let r = -20 + 17. Let t = x - r. What is the units digit of t?
6
Suppose 3*s = -5*z + 16, 2*z - 9 = s + 4. Let a = s + 4. What is the units digit of -1 - (-3*1 + a)?
1
Let h = -98 - -177. What is the units digit of h?
9
What is the units digit of 4/22 + 152/11?
4
Let f(d) = d**3 + d**2 + d + 1. Let j(z) = -4*z**3 - 9*z**2 + 8*z + 9. Let m(l) = -3*f(l) - j(l). What is the tens digit of m(-7)?
1
Let q(i) = -i**3 - 5*i**2 + 5*i - 19. What is the units digit of q(-7)?
4
Let p(d) = -d**2 - 6*d + 1. Let m be p(-6). What is the tens digit of (-1)/1 + 12 - m?
1
Suppose 2*w - 106 = -5*g, -w = 4*g + 3 - 62. Let j = w + -24. What is the units digit of j?
9
Suppose 5*k + 2*a + 5 = -6, -2*k + 5*a + 13 = 0. What is the units digit of k + 3 + 1*2?
4
Let j be (111/(-2))/3*-2. Suppose 4*y - j - 51 = 0. What is the tens digit of y?
2
Suppose -5*v + 3*t + 1 = 6, -t + 13 = 4*v. Suppose 42 = 3*n + 4*a, 3*a + 0*a = -v*n + 27. Suppose 3 = 3*l - n. What is the units digit of l?
7
Suppose 3*j - j + 8 = 0. Let y = 6 + j. What is the units digit of 3/((-3)/y) - -5?
3
Let o(f) = 95*f. Let i be o(2). Suppose -5*z + i = -15. What is the tens digit of z?
4
Let a = 1 - 1. Let v = 13 - a. What is the units digit of v?
3
Let i = 43 - 79. What is the units digit of (7/(-2))/(9/i)?
4
Let j = -9 + 17. Let i = j - -6. What is the tens digit of i?
1
Let p(b) = b**2 - b + 1. Let d be p(-2). Let i(h) = -h**2 + 20*h - 24. Let a be i(17). Suppose -o + 8 - a = 5*v, -v = -3*o + d. What is the units digit of o?
1
Suppose 2*z - 115 = 5*i, -4*z + i = 17 - 256. Suppose 5*k - k - z = -4*l, 2*l - 5*k - 16 = 0. What is the units digit of l?
3
Suppose -227 = -2*u + 323. What is the hundreds digit of u?
2
Let c(o) be the third derivative of -o**5/60 - o**4/3 - o**3 - 3*o**2. What is the units digit of c(-5)?
9
Suppose -8 = -5*z + 2. Suppose z*i + 0*i = 28. What is the tens digit of i?
1
Suppose -o + 2*l + 2*l + 20 = 0, -5 = 2*o + l. Suppose k - 21 = y, -12 = -k - o*y - 2*y. What is the units digit of k?
8
Let s(a) = a + 21. Let w = -18 + 9. Let r be s(w). Suppose -4*q + r + 4 = 0. What is the units digit of q?
4
Let c = 100 + -56. What is the units digit of c/2 - (-12)/(-4)?
9
Suppose -4*d = 5*n - 224, -d = -2*n + 105 - 18. What is the units digit of n?
4
Let y = 18 - 2. What is the units digit of y?
6
Suppose -j + 4*n + 38 = 0, 8*n = j + 3*n - 39. What is the units digit of j?
4
Let w = 7 - 4. Suppose -d - w = 2*d. What is the units digit of 42/18*(d - -4)?
7
Suppose 0 = 5*b + 10 - 95. What is the tens digit of b?
1
Let r = 6 + -8. Let n(c) = -6*c + 1. What is the units digit of n(r)?
3
Suppose 4*l - 10 = 2*l. Let q = l - 3. What is the units digit of q?
2
Let b be 290/(-14) - 4/14. Let k = b - -45. Suppose -2*q - k = -6*q. What is the units digit of q?
6
What is the units digit of (4112/40)/((-2)/(-5)) + 4?
1
Suppose s + 3*s = 84. Suppose -3*l + 87 = -4*r, -2*l - r + s = -26. What is the units digit of l?
5
Let c be (-11 + -221)*1/2. Let n = -69 - c. What is the tens digit of n?
4
Suppose -59 = 5*d - 6*d. What is the tens digit of d?
5
Let x = 17 - -2. Let z = 32 - x. What is the units digit of z?
3
Suppose 0*u + 19*u = 4085. What is the units digit of u?
5
Suppose 2*g - 4*i = g - 2, -5*g = 2*i - 34. Let z = 14 - g. What is the units digit of z?
8
Suppose 4*b + 0*y + 2*y = 54, 2*b - 4*y = 42. What is the tens digit of b?
1
Let q(u) = -2*u - 2*u + 7*u - 1 - 1. Let d be q(-6). Let h = d - -37. What is the units digit of h?
7
Let d(s) = -8*s - 1. Suppose 12 = 5*o - 2*m, 4*o + m = -0 + 20. Suppose x = -o + 3. What is the units digit of d(x)?
7
Let r(u) be the first derivative of u**4/2 - 2*u**3/3 + u**2 - 1. Suppose b + 2*b = 6. What is the units digit of r(b)?
2
Let w(a) = 11*a - 12. What is the tens digit of w(7)?
6
Let v be (-3 - 1) + (-4)/(-2). Let q = v + 2. Suppose q*y - 30 = -3*y. What is the tens digit of y?
1
Let v be (6/(-5))/(6/(-20)). Suppose c = -v*h + 19, -3*c = -4*h + 9 - 2. Suppose 4*q = 5*u - 